{"id":554,"date":"2025-06-15T12:06:07","date_gmt":"2025-06-15T12:06:07","guid":{"rendered":"https:\/\/woo-coordinator.com\/?page_id=554"},"modified":"2025-06-15T15:16:51","modified_gmt":"2025-06-15T15:16:51","slug":"dewoo-coordinator","status":"publish","type":"page","link":"https:\/\/woo-coordinator.com\/","title":{"rendered":"D\u00e9 Woo Coordinator B.V."},"content":{"rendered":"\t\t<div data-elementor-type=\"wp-post\" data-elementor-id=\"554\" class=\"elementor elementor-554\" data-elementor-post-type=\"page\">\n\t\t\t\t<div class=\"elementor-element elementor-element-undefined-6a35257 e-con-full e-flex e-con e-parent\" data-id=\"undefined-6a35257\" data-element_type=\"container\" data-e-type=\"container\" data-settings=\"{&quot;background_background&quot;:&quot;classic&quot;}\">\n\t\t<div class=\"elementor-element elementor-element-undefined-4d32954 e-con-full e-flex e-con e-child\" data-id=\"undefined-4d32954\" data-element_type=\"container\" data-e-type=\"container\" data-settings=\"{&quot;background_background&quot;:&quot;classic&quot;}\">\n\t\t\t\t<div class=\"elementor-element elementor-element-undefined-d51289e elementor-widget elementor-widget-heading\" data-id=\"undefined-d51289e\" data-element_type=\"widget\" data-e-type=\"widget\" data-widget_type=\"heading.default\">\n\t\t\t\t<div class=\"elementor-widget-container\">\n\t\t\t\t\t<h5 class=\"elementor-heading-title elementor-size-default\">Welkom bij de landingspagina van D\u00e9 Woo Coordinator B.V.<\/h5>\t\t\t\t<\/div>\n\t\t\t\t<\/div>\n\t\t\t\t<div class=\"elementor-element elementor-element-undefined-ff07f6c elementor-widget elementor-widget-heading\" data-id=\"undefined-ff07f6c\" data-element_type=\"widget\" data-e-type=\"widget\" data-widget_type=\"heading.default\">\n\t\t\t\t<div class=\"elementor-widget-container\">\n\t\t\t\t\t<h1 class=\"elementor-heading-title elementor-size-default\">D\u00e9 Woo Co\u00f6rdinator, de sleutel tot transparante en effici\u00ebnte overheidsinformatie<\/h1>\t\t\t\t<\/div>\n\t\t\t\t<\/div>\n\t\t\t\t<div class=\"elementor-element elementor-element-undefined-a8f9df0 elementor-widget elementor-widget-text-editor\" data-id=\"undefined-a8f9df0\" data-element_type=\"widget\" data-e-type=\"widget\" data-widget_type=\"text-editor.default\">\n\t\t\t\t<div class=\"elementor-widget-container\">\n\t\t\t\t\t\t\t\t\t<p><a href=\"https:\/\/woocoordinator.com\/wet-open-overheid\/\">De Wet open overheid (Woo)<\/a> vraagt om een transparante, toegankelijke en actieve overheid. Het voldoen aan deze wetgeving en tegelijkertijd de interne processen stroomlijnen, is een complexe uitdaging. <a href=\"https:\/\/woocoordinator.com\/contact\/\">Zoekt u een partner<\/a> die uw organisatie helpt om optimaal te presteren onder de Woo?<\/p>\t\t\t\t\t\t\t\t<\/div>\n\t\t\t\t<\/div>\n\t\t\t\t<div class=\"elementor-element elementor-element-b449083 elementor-widget elementor-widget-text-editor\" data-id=\"b449083\" data-element_type=\"widget\" data-e-type=\"widget\" data-widget_type=\"text-editor.default\">\n\t\t\t\t<div class=\"elementor-widget-container\">\n\t\t\t\t\t\t\t\t\t<p><a href=\"https:\/\/woocoordinator.com\/\" target=\"_blank\" rel=\"noopener\">D\u00e9 Woo Co\u00f6rdinator<\/a> is uw expert in informatiemanagement en openbaarheid van bestuur. <a href=\"https:\/\/woocoordinator.com\/onze-werkwijzer\/\" target=\"_blank\" rel=\"noopener\">Wij zorgen ervoor dat uw organisatie niet alleen voldoet aan de Woo<\/a>, maar deze wetgeving ook omarmt als een kans voor meer burgerparticipatie en een effici\u00ebntere informatiehuishouding.<\/p>\t\t\t\t\t\t\t\t<\/div>\n\t\t\t\t<\/div>\n\t\t\t\t<div class=\"elementor-element elementor-element-undefined-d7f0ed0 elementor-widget__width-auto elementor-widget elementor-widget-button\" data-id=\"undefined-d7f0ed0\" data-element_type=\"widget\" data-e-type=\"widget\" data-widget_type=\"button.default\">\n\t\t\t\t<div class=\"elementor-widget-container\">\n\t\t\t\t\t\t\t\t\t<div class=\"elementor-button-wrapper\">\n\t\t\t\t\t<a class=\"elementor-button elementor-button-link elementor-size-sm elementor-animation-grow\" href=\"https:\/\/woocoordinator.com\/\" target=\"_blank\">\n\t\t\t\t\t\t<span class=\"elementor-button-content-wrapper\">\n\t\t\t\t\t\t\t\t\t<span class=\"elementor-button-text\">bezoek onze website voor meer informatie<\/span>\n\t\t\t\t\t<\/span>\n\t\t\t\t\t<\/a>\n\t\t\t\t<\/div>\n\t\t\t\t\t\t\t\t<\/div>\n\t\t\t\t<\/div>\n\t\t\t\t<\/div>\n\t\t<div class=\"elementor-element elementor-element-undefined-7463797 e-con-full e-flex e-con e-child\" data-id=\"undefined-7463797\" data-element_type=\"container\" data-e-type=\"container\" data-settings=\"{&quot;background_background&quot;:&quot;classic&quot;}\">\n\t\t\t\t<div class=\"elementor-element elementor-element-undefined-12768c0 elementor-grid-1 elementor-widget__width-auto elementor-absolute elementor-shape-rounded e-grid-align-center elementor-widget elementor-widget-social-icons\" data-id=\"undefined-12768c0\" data-element_type=\"widget\" data-e-type=\"widget\" data-settings=\"{&quot;_position&quot;:&quot;absolute&quot;}\" data-widget_type=\"social-icons.default\">\n\t\t\t\t<div class=\"elementor-widget-container\">\n\t\t\t\t\t\t\t<div class=\"elementor-social-icons-wrapper elementor-grid\" role=\"list\">\n\t\t\t\t\t\t\t<span class=\"elementor-grid-item\" role=\"listitem\">\n\t\t\t\t\t<a class=\"elementor-icon elementor-social-icon elementor-social-icon-facebook elementor-animation-grow elementor-repeater-item-902d5c1\" href=\"https:\/\/www.facebook.com\/profile.php?id=61554534534672\" target=\"_blank\">\n\t\t\t\t\t\t<span class=\"elementor-screen-only\">Facebook<\/span>\n\t\t\t\t\t\t<svg aria-hidden=\"true\" class=\"e-font-icon-svg e-fab-facebook\" viewBox=\"0 0 512 512\" xmlns=\"http:\/\/www.w3.org\/2000\/svg\"><path d=\"M504 256C504 119 393 8 256 8S8 119 8 256c0 123.78 90.69 226.38 209.25 245V327.69h-63V256h63v-54.64c0-62.15 37-96.48 93.67-96.48 27.14 0 55.52 4.84 55.52 4.84v61h-31.28c-30.8 0-40.41 19.12-40.41 38.73V256h68.78l-11 71.69h-57.78V501C413.31 482.38 504 379.78 504 256z\"><\/path><\/svg>\t\t\t\t\t<\/a>\n\t\t\t\t<\/span>\n\t\t\t\t\t\t\t<span class=\"elementor-grid-item\" role=\"listitem\">\n\t\t\t\t\t<a class=\"elementor-icon elementor-social-icon elementor-social-icon-x-twitter elementor-animation-grow elementor-repeater-item-fb6f328\" href=\"https:\/\/x.com\/woocoordinator\" target=\"_blank\">\n\t\t\t\t\t\t<span class=\"elementor-screen-only\">X-twitter<\/span>\n\t\t\t\t\t\t<svg aria-hidden=\"true\" class=\"e-font-icon-svg e-fab-x-twitter\" viewBox=\"0 0 512 512\" xmlns=\"http:\/\/www.w3.org\/2000\/svg\"><path d=\"M389.2 48h70.6L305.6 224.2 487 464H345L233.7 318.6 106.5 464H35.8L200.7 275.5 26.8 48H172.4L272.9 180.9 389.2 48zM364.4 421.8h39.1L151.1 88h-42L364.4 421.8z\"><\/path><\/svg>\t\t\t\t\t<\/a>\n\t\t\t\t<\/span>\n\t\t\t\t\t\t\t<span class=\"elementor-grid-item\" role=\"listitem\">\n\t\t\t\t\t<a class=\"elementor-icon elementor-social-icon elementor-social-icon-youtube elementor-animation-grow elementor-repeater-item-bbd7dda\" href=\"https:\/\/www.youtube.com\/@DeWooCoordinator\" target=\"_blank\">\n\t\t\t\t\t\t<span class=\"elementor-screen-only\">Youtube<\/span>\n\t\t\t\t\t\t<svg aria-hidden=\"true\" class=\"e-font-icon-svg e-fab-youtube\" viewBox=\"0 0 576 512\" xmlns=\"http:\/\/www.w3.org\/2000\/svg\"><path d=\"M549.655 124.083c-6.281-23.65-24.787-42.276-48.284-48.597C458.781 64 288 64 288 64S117.22 64 74.629 75.486c-23.497 6.322-42.003 24.947-48.284 48.597-11.412 42.867-11.412 132.305-11.412 132.305s0 89.438 11.412 132.305c6.281 23.65 24.787 41.5 48.284 47.821C117.22 448 288 448 288 448s170.78 0 213.371-11.486c23.497-6.321 42.003-24.171 48.284-47.821 11.412-42.867 11.412-132.305 11.412-132.305s0-89.438-11.412-132.305zm-317.51 213.508V175.185l142.739 81.205-142.739 81.201z\"><\/path><\/svg>\t\t\t\t\t<\/a>\n\t\t\t\t<\/span>\n\t\t\t\t\t\t\t<span class=\"elementor-grid-item\" role=\"listitem\">\n\t\t\t\t\t<a class=\"elementor-icon elementor-social-icon elementor-social-icon-spotify elementor-animation-grow elementor-repeater-item-7f42a7d\" href=\"https:\/\/open.spotify.com\/playlist\/1kQEGTGASKOu7sLjMyuQxD\" target=\"_blank\">\n\t\t\t\t\t\t<span class=\"elementor-screen-only\">Spotify<\/span>\n\t\t\t\t\t\t<svg aria-hidden=\"true\" class=\"e-font-icon-svg e-fab-spotify\" viewBox=\"0 0 496 512\" xmlns=\"http:\/\/www.w3.org\/2000\/svg\"><path d=\"M248 8C111.1 8 0 119.1 0 256s111.1 248 248 248 248-111.1 248-248S384.9 8 248 8zm100.7 364.9c-4.2 0-6.8-1.3-10.7-3.6-62.4-37.6-135-39.2-206.7-24.5-3.9 1-9 2.6-11.9 2.6-9.7 0-15.8-7.7-15.8-15.8 0-10.3 6.1-15.2 13.6-16.8 81.9-18.1 165.6-16.5 237 26.2 6.1 3.9 9.7 7.4 9.7 16.5s-7.1 15.4-15.2 15.4zm26.9-65.6c-5.2 0-8.7-2.3-12.3-4.2-62.5-37-155.7-51.9-238.6-29.4-4.8 1.3-7.4 2.6-11.9 2.6-10.7 0-19.4-8.7-19.4-19.4s5.2-17.8 15.5-20.7c27.8-7.8 56.2-13.6 97.8-13.6 64.9 0 127.6 16.1 177 45.5 8.1 4.8 11.3 11 11.3 19.7-.1 10.8-8.5 19.5-19.4 19.5zm31-76.2c-5.2 0-8.4-1.3-12.9-3.9-71.2-42.5-198.5-52.7-280.9-29.7-3.6 1-8.1 2.6-12.9 2.6-13.2 0-23.3-10.3-23.3-23.6 0-13.6 8.4-21.3 17.4-23.9 35.2-10.3 74.6-15.2 117.5-15.2 73 0 149.5 15.2 205.4 47.8 7.8 4.5 12.9 10.7 12.9 22.6 0 13.6-11 23.3-23.2 23.3z\"><\/path><\/svg>\t\t\t\t\t<\/a>\n\t\t\t\t<\/span>\n\t\t\t\t\t<\/div>\n\t\t\t\t\t\t<\/div>\n\t\t\t\t<\/div>\n\t\t\t\t<\/div>\n\t\t\t\t<\/div>\n\t\t<div class=\"elementor-element elementor-element-ebe6c0c e-flex e-con-boxed e-con e-parent\" data-id=\"ebe6c0c\" data-element_type=\"container\" data-e-type=\"container\">\n\t\t\t\t\t<div class=\"e-con-inner\">\n\t\t\t\t<div class=\"elementor-element elementor-element-b7fe4fd elementor-widget elementor-widget-google_maps\" data-id=\"b7fe4fd\" data-element_type=\"widget\" data-e-type=\"widget\" data-widget_type=\"google_maps.default\">\n\t\t\t\t<div class=\"elementor-widget-container\">\n\t\t\t\t\t\t\t<div class=\"elementor-custom-embed\">\n\t\t\t<iframe loading=\"lazy\"\n\t\t\t\t\tsrc=\"https:\/\/maps.google.com\/maps?q=maps%2Fplace%2FDe%2BWoo%2BCoordinator%2F%4052.3947877%2C4.8436777%2C17z%2Fdata%3D%213m1%214b1%214m16%211m9%214m8%211m0%211m6%211m2%211s0x47c5e3753830121f%3A0x82487b44afcb3782%212sKabelweg%2B57%2C%2B1014%2BBA%2BAmsterdam%212m2%211d4.8462526%212d52.3947845%213m5%211s0x47c5e3753830121f%3A0x82487b44afcb3782%218m2%213d52.3947845%214d4.8462526%2116s%252Fg%252F11w9jp4l6n%3Fentry%3Dttu%26g_ep%3DEgoyMDI1MDYxMS4wIKXMDSoASAFQAw%253D%253D&#038;t=m&#038;z=10&#038;output=embed&#038;iwloc=near\"\n\t\t\t\t\ttitle=\"maps\/place\/De+Woo+Coordinator\/@52.3947877,4.8436777,17z\/data=!3m1!4b1!4m16!1m9!4m8!1m0!1m6!1m2!1s0x47c5e3753830121f:0x82487b44afcb3782!2sKabelweg+57,+1014+BA+Amsterdam!2m2!1d4.8462526!2d52.3947845!3m5!1s0x47c5e3753830121f:0x82487b44afcb3782!8m2!3d52.3947845!4d4.8462526!16s%2Fg%2F11w9jp4l6n?entry=ttu&amp;g_ep=EgoyMDI1MDYxMS4wIKXMDSoASAFQAw%3D%3D\"\n\t\t\t\t\taria-label=\"maps\/place\/De+Woo+Coordinator\/@52.3947877,4.8436777,17z\/data=!3m1!4b1!4m16!1m9!4m8!1m0!1m6!1m2!1s0x47c5e3753830121f:0x82487b44afcb3782!2sKabelweg+57,+1014+BA+Amsterdam!2m2!1d4.8462526!2d52.3947845!3m5!1s0x47c5e3753830121f:0x82487b44afcb3782!8m2!3d52.3947845!4d4.8462526!16s%2Fg%2F11w9jp4l6n?entry=ttu&amp;g_ep=EgoyMDI1MDYxMS4wIKXMDSoASAFQAw%3D%3D\"\n\t\t\t><\/iframe>\n\t\t<\/div>\n\t\t\t\t\t\t<\/div>\n\t\t\t\t<\/div>\n\t\t\t\t\t<\/div>\n\t\t\t\t<\/div>\n\t\t\t\t<\/div>\n\t\t","protected":false},"excerpt":{"rendered":"<p>Welkom bij de landingspagina van D\u00e9 Woo Coordinator B.V. D\u00e9 Woo Co\u00f6rdinator, de sleutel tot transparante en effici\u00ebnte overheidsinformatie De Wet open overheid (Woo) vraagt om een transparante, toegankelijke en actieve overheid. Het voldoen aan deze wetgeving en tegelijkertijd de interne processen stroomlijnen, is een complexe uitdaging. Zoekt u een partner die uw organisatie helpt [&hellip;]<\/p>\n","protected":false},"author":1,"featured_media":233,"parent":0,"menu_order":0,"comment_status":"closed","ping_status":"closed","template":"elementor_canvas","meta":{"footnotes":""},"class_list":["post-554","page","type-page","status-publish","has-post-thumbnail","hentry"],"_links":{"self":[{"href":"https:\/\/woo-coordinator.com\/index.php\/wp-json\/wp\/v2\/pages\/554","targetHints":{"allow":["GET"]}}],"collection":[{"href":"https:\/\/woo-coordinator.com\/index.php\/wp-json\/wp\/v2\/pages"}],"about":[{"href":"https:\/\/woo-coordinator.com\/index.php\/wp-json\/wp\/v2\/types\/page"}],"author":[{"embeddable":true,"href":"https:\/\/woo-coordinator.com\/index.php\/wp-json\/wp\/v2\/users\/1"}],"replies":[{"embeddable":true,"href":"https:\/\/woo-coordinator.com\/index.php\/wp-json\/wp\/v2\/comments?post=554"}],"version-history":[{"count":68,"href":"https:\/\/woo-coordinator.com\/index.php\/wp-json\/wp\/v2\/pages\/554\/revisions"}],"predecessor-version":[{"id":628,"href":"https:\/\/woo-coordinator.com\/index.php\/wp-json\/wp\/v2\/pages\/554\/revisions\/628"}],"wp:featuredmedia":[{"embeddable":true,"href":"https:\/\/woo-coordinator.com\/index.php\/wp-json\/wp\/v2\/media\/233"}],"wp:attachment":[{"href":"https:\/\/woo-coordinator.com\/index.php\/wp-json\/wp\/v2\/media?parent=554"}],"curies":[{"name":"wp","href":"https:\/\/api.w.org\/{rel}","templated":true}]}}